{"id":1235,"date":"2018-02-20T15:48:52","date_gmt":"2018-02-20T21:48:52","guid":{"rendered":"https:\/\/virtual.iberoleon.mx\/?page_id=1235"},"modified":"2018-03-07T16:05:50","modified_gmt":"2018-03-07T22:05:50","slug":"modalidad-auto-estudio","status":"publish","type":"page","link":"https:\/\/virtual.iberoleon.mx\/index.php\/modalidad-auto-estudio","title":{"rendered":"Modalidad Auto estudio"},"content":{"rendered":"<p>[vc_row][vc_column][apus_title_heading style=&#8221;default&#8221; title=&#8221;\u00bfQu\u00e9 es un curso de auto estudio?&#8221;][vc_column_text css=&#8221;.vc_custom_1520450218389{padding-bottom: 25px !important;}&#8221;]Esta modalidad de estudio en l\u00ednea es autodidacta. Est\u00e1 dise\u00f1ado para personas \u00a0que desean aprender por su propia cuenta y a su ritmo. En la modalidad de auto-estudio puedes elegir la materia y el momento cuando desees estudiarla. Tambi\u00e9n te da la opci\u00f3n de estudiar m\u00e1s de un curso a la vez.<\/p>\n<p>Una vez efectuado tu pago para curso de autoestudio tienes <b>2 meses para completarlo<\/b>. \u00a1Aprovecha![\/vc_column_text][\/vc_column][\/vc_row][vc_row css=&#8221;.vc_custom_1520450180156{padding-top: 25px !important;}&#8221;][vc_column][apus_title_heading style=&#8221;default&#8221; title=&#8221;Caracter\u00edsticas principales&#8221;][apus_features_box items=&#8221;%5B%7B%22title%22%3A%22Estudia%20a%20tu%20propio%20ritmo%22%2C%22bg_color%22%3A%22%23ac1f27%22%2C%22description%22%3A%22%3Cspan%20style%3D%5C%22color%3A%23FFF%3B%5C%22%3EAvanza%20a%20tu%20propio%20ritmo%2C%20sin%20tener%20que%20ajustarte%20a%20alguien%20a%20quien%20quiz%C3%A1s%20no%20puedes%20seguirle%20el%20paso.%3C%2Fspan%3E%22%7D%2C%7B%22title%22%3A%22Libertad%20e%20independencia%22%2C%22bg_color%22%3A%22%239a1825%22%2C%22description%22%3A%22%3Cspan%20style%3D%5C%22color%3A%23FFF%3B%5C%22%3EEstudia%20desde%20cualquier%20lugar%20donde%20te%20encuentres.%20Solo%20necesitas%20un%20dispositivo%20con%20conexi%C3%B3n%20a%20Internet.%3C%2Fspan%3E%22%7D%2C%7B%22title%22%3A%22M%C3%A9todo%20de%20estudio%22%2C%22bg_color%22%3A%22%23cc2333%22%2C%22description%22%3A%22%3Cspan%20style%3D%5C%22color%3A%23FFF%3B%5C%22%3ENosotros%20te%20propondremos%20recursos%20de%20estudio%2C%20contamos%20con%20actividades%20autocalificables%20para%20validar%20el%20aprendizaje%20%C2%A1Profundiza%20tanto%20como%20quieras!%3C%2Fspan%3E%20%22%7D%2C%7B%22title%22%3A%22Resuelve%20tus%20dudas%22%2C%22bg_color%22%3A%22%23ac1f27%22%2C%22description%22%3A%22%3Cspan%20style%3D%5C%22color%3A%23FFF%3B%5C%22%3EEn%20nuestros%20cursos%20cuentas%20con%20un%20espacio%20para%20que%20el%20dise%C3%B1ador%20del%20curso%20resuelva%20dudas%20puntuales.%20Olv%C3%ADdate%20de%20las%20tareas%20y%20entregables.%20%3C%2Fspan%3E%22%7D%5D&#8221; number=&#8221;4&#8243; style=&#8221;default&#8221;][\/vc_column][\/vc_row]<\/p>\n","protected":false},"excerpt":{"rendered":"<p>[vc_row][vc_column][apus_title_heading style=&#8221;default&#8221; title=&#8221;\u00bfQu\u00e9 es un curso de auto estudio?&#8221;][vc_column_text css=&#8221;.vc_custom_1520450218389{padding-bottom: 25px !important;}&#8221;]Esta modalidad de estudio en l\u00ednea es autodidacta. Est\u00e1 dise\u00f1ado para personas \u00a0que desean aprender por su propia cuenta y a su ritmo. En la modalidad de auto-estudio puedes elegir la materia y el momento cuando desees estudiarla. Tambi\u00e9n te da la opci\u00f3n de [&hellip;]<\/p>\n","protected":false},"author":2,"featured_media":0,"parent":0,"menu_order":0,"comment_status":"closed","ping_status":"closed","template":"","meta":{"footnotes":""},"class_list":["post-1235","page","type-page","status-publish","hentry"],"_links":{"self":[{"href":"https:\/\/virtual.iberoleon.mx\/index.php\/wp-json\/wp\/v2\/pages\/1235","targetHints":{"allow":["GET"]}}],"collection":[{"href":"https:\/\/virtual.iberoleon.mx\/index.php\/wp-json\/wp\/v2\/pages"}],"about":[{"href":"https:\/\/virtual.iberoleon.mx\/index.php\/wp-json\/wp\/v2\/types\/page"}],"author":[{"embeddable":true,"href":"https:\/\/virtual.iberoleon.mx\/index.php\/wp-json\/wp\/v2\/users\/2"}],"replies":[{"embeddable":true,"href":"https:\/\/virtual.iberoleon.mx\/index.php\/wp-json\/wp\/v2\/comments?post=1235"}],"version-history":[{"count":29,"href":"https:\/\/virtual.iberoleon.mx\/index.php\/wp-json\/wp\/v2\/pages\/1235\/revisions"}],"predecessor-version":[{"id":1361,"href":"https:\/\/virtual.iberoleon.mx\/index.php\/wp-json\/wp\/v2\/pages\/1235\/revisions\/1361"}],"wp:attachment":[{"href":"https:\/\/virtual.iberoleon.mx\/index.php\/wp-json\/wp\/v2\/media?parent=1235"}],"curies":[{"name":"wp","href":"https:\/\/api.w.org\/{rel}","templated":true}]}}